9247 is divided by 101.
90
What is the remainder when 2158 is divided by 1091?
1067
What is the remainder when 1413 is divided by 665?
83
What is the remainder when 589997 is divided by 50?
47
What is the remainder when 5447 is divided by 906?
11
What is the remainder when 1265 is divided by 18?
5
Calculate the remainder when 1034 is divided by 209.
198
What is the remainder when 22350 is divided by 3725?
0
What is the remainder when 8727 is divided by 2842?
201
What is the remainder when 630722 is divided by 172?
170
What is the remainder when 897462 is divided by 203?
202
Calculate the remainder when 78722 is divided by 6556.
50
What is the remainder when 368 is divided by 22?
16
What is the remainder when 30325 is divided by 118?
117
What is the remainder when 5162 is divided by 1688?
98
Calculate the remainder when 14959 is divided by 234.
217
What is the remainder when 190664 is divided by 285?
284
What is the remainder when 380461 is divided by 602?
599
What is the remainder when 33475 is divided by 744?
739
What is the remainder when 60725 is divided by 3362?
209
What is the remainder when 5035 is divided by 1655?
70
What is the remainder when 1730 is divided by 50?
30
Calculate the remainder when 6364 is divided by 189.
127
What is the remainder when 251851 is divided by 10950?
1
What is the remainder when 43605 is divided by 361?
285
Calculate the remainder when 3709 is divided by 75.
34
Calculate the remainder when 15569 is divided by 3781.
445
What is the remainder when 1799844 is divided by 413?
403
What is the remainder when 96407 is divided by 156?
155
What is the remainder when 28403 is divided by 147?
32
Calculate the remainder when 161723 is divided by 29.
19
What is the remainder when 43682 is divided by 368?
258
What is the remainder when 38171 is divided by 509?
505
What is the remainder when 282595 is divided by 6?
1
Calculate the remainder when 5474418 is divided by 140.
138
Calculate the remainder when 4584 is divided by 96.
72
What is the remainder when 9943 is divided by 95?
63
What is the remainder when 21934 is divided by 1902?
1012
Calculate the remainder when 7184 is divided by 45.
29
Calculate the remainder when 414537 is divided by 127.
9
Calculate the remainder when 8213 is divided by 42.
23
What is the remainder when 4599 is divided by 177?
174
What is the remainder when 4783 is divided by 483?
436
What is the remainder when 40172 is divided by 205?
197
Calculate the remainder when 94445 is divided by 18.
17
What is the remainder when 20544 is divided by 37?
9
What is the remainder when 59420 is divided by 26?
10
Calculate the remainder when 1358735 is divided by 532.
7
What is the remainder when 63606 is divided by 503?
228
What is the remainder when 17831 is divided by 3546?
101
What is the remainder when 26685 is divided by 552?
189
What is the remainder when 471480 is divided by 1074?
1068
What is the remainder when 7954 is divided by 7946?
8
What is the remainder when 72940 is divided by 388?
384
What is the remainder when 56534 is divided by 20?
14
What is the remainder when 24281 is divided by 607?
1
What is the remainder when 54186 is divided by 24?
18
Calculate the remainder when 366520 is divided by 962.
960
Calculate the remainder when 2511 is divided by 80.
31
Calculate the remainder when 764602 is divided by 764592.
10
What is the remainder when 10800401 is divided by 7?
3
Calculate the remainder when 8558 is divided by 178.
14
Calculate the remainder when 26429 is divided by 49.
18
Calculate the remainder when 1020591 is divided by 1458.
1449
What is the remainder when 90167 is divided by 90151?
16
What is the remainder when 38117 is divided by 489?
464
What is the remainder when 4655 is divided by 87?
44
What is the remainder when 4150 is divided by 391?
240
What is the remainder when 4804 is divided by 1553?
145
What is the remainder when 23676 is divided by 70?
16
What is the remainder when 236163 is divided by 2167?
2127
Calculate the remainder when 18651 is divided by 1161.
75
Calculate the remainder when 5560 is divided by 16.
8
What is the remainder when 245828 is divided by 214?
156
Calculate the remainder when 5472 is divided by 425.
372
What is the remainder when 18433 is divided by 26?
25
Calculate the remainder when 9013 is divided by 8371.
642
What is the remainder when 2837 is divided by 709?
1
Calculate the remainder when 44993 is divided by 1216.
1
Calculate the remainder when 2686 is divided by 122.
2
Calculate the remainder when 31820 is divided by 1768.
1764
Calculate the remainder when 78150 is divided by 4340.
30
Calculate the remainder when 1676 is divided by 557.
5
Calculate the remainder when 33347 is divided by 774.
65
Calculate the remainder when 2123251 is divided by 14.
11
Calculate the remainder when 830 is divided by 187.
82
What is the remainder when 399755 is divided by 72?
11
Calculate the remainder when 938 is divided by 42.
14
What is the remainder when 13234 is divided by 21?
4
Calculate the remainder when 1780 is divided by 822.
136
What is the remainder when 3756 is divided by 174?
102
Calculate the remainder when 45820 is divided by 15.
10
What is the remainder when 18149 is divided by 5355?
2084
What is the remainder when 20768 is divided by 33?
11
What is the remainder when 9923 is divided by 855?
518
What is the remainder when 7675 is divided by 16?
11
What is the remainder when 240894 is divided by 256?
254
What is the remainder when 25790 is divided by 3681?
23
Calculate the remainder when 7515 is divided by 237.
168
Calculate the remainder when 16659 is divided by 105.
69
Calculate the remainder when 118718 is divided by 118700.
18
Calculate the remainder when 4448 is divided by 637.
626
What is the remainder when 1697 is divided by 491?
224
What is the remainder when 17675 is divided by 136?
131
What is the remainder when 142906 is divided by 135?
76
What is the remainder when 41 is divided by 26?
15
Calculate the remainder when 780453 is divided by 37.
12
What is the remainder when 6787 is divided by 568?
539
What is the remainder when 16415 is divided by 342?
341
What is the remainder when 9394 is divided by 626?
4
Calculate the remainder when 72768 is divided by 175.
143
What is the remainder when 15084 is divided by 68?
56
Calculate the remainder when 349 is divided by 78.
37
Calculate the remainder when 14687 is divided by 21.
8
What is the remainder when 149505 is divided by 14?
13
What is the remainder when 32323 is divided by 14?
11
Calculate the remainder when 2125726 is divided by 12.
10
What is the remainder when 50279 is divided by 287?
54
What is the remainder when 2458 is divided by 1260?
1198
What is the remainder when 372285 is divided by 89?
87
What is the remainder when 173735 is divided by 381?
380
Calculate the remainder when 21935 is divided by 4292.
475
Calculate the remainder when 532947 is divided by 1254.
1251
What is the remainder when 158492 is divided by 67?
37
Calculate the remainder when 3352 is divided by 276.
40
Calculate the remainder when 16141 is divided by 28.
13
Calculate the remainder when 4526 is divided by 37.
12
Calculate the remainder when 22263 is divided by 446.
409
Calculate the remainder when 1304 is divided by 434.
2
What is the remainder when 2669 is divided by 33?
29
Calculate the remainder when 2766 is divided by 9.
3
What is the remainder when 46734 is divided by 23367?
0
Calculate the remainder when 54308 is divided by 39.
20
What is the remainder when 73530 is divided by 18?
0
What is the remainder when 467 is divided by 154?
5
What is the remainder when 49205 is divided by 354?
353
What is the remainder when 22949 is divided by 31?
9
Calculate the remainder when 3317 is divided by 427.
328
Calculate the remainder when 425981 is divided by 63.
38
Calculate the remainder when 9959 is divided by 243.
239
Calculate the remainder when 2393 is divided by 14.
13
Calculate the remainder when 4298 is divided by 292.
210
Calculate the remainder when 316 is divided by 6.
4
What is the remainder when 11283 is divided by 34?
29
Calculate the remainder when 114528 is divided by 19.
15
What is the remainder when 343 is divided by 339?
4
What is the remainder when 5234 is divided by 348?
14
What is the remaind